 o composite?
True
Suppose 5*s = 2*z - 111, 290 - 27 = 5*z + 2*s. Suppose 51*g - z*g = -6. Suppose -5*l = 2*t - 8879, -4*l - g*t + 2426 = -4673. Is l composite?
False
Let s be 1/(-4) + 21*(-579)/(-12). Let t = 319 + s. Let i = t + -358. Is i prime?
False
Suppose p - 2295 + 29 = 0. Suppose -4*w - 1920 = -2*x + p, 5*w - 4195 = -2*x. Is x a prime number?
False
Let v(x) be the second derivative of -x**5/20 - x**3/3 + 213*x**2/2 - 2*x + 49. Is v(0) prime?
False
Let a = 278538 - -51455. Is a composite?
False
Suppose 15 = 4*o + x, -20*o + 21*o - 2*x = 15. Suppose o*s - 4*i - 4351 = -0*s, -4*s - 5*i + 3489 = 0. Is s composite?
True
Suppose j - 18 = y - 3*y, -5*j = -2*y - 30. Let f(s) = -11*s**2 - s - 1. Let q be f(j). Let w = q + 2958. Is w a prime number?
False
Suppose c - 9027 = 13475. Is c prime?
False
Is 178/(-890) + ((-15193269)/15)/(-3) + 1 a prime number?
False
Let g = -33693 + 63958. Suppose 4*t + 0*t = 3*c - 30289, 2*t - g = -3*c. Is c prime?
True
Let n(u) = 11*u - 5. Let x be n(1). Let b(k) = -262*k**2 + 6*k - 41. Let s be b(x). Let g = s - -13548. Is g composite?
False
Let f(w) = 618*w**2 - 2*w + 1. Let p(t) = 6*t + 45. Suppose 4*a + 22 = -3*h, 3*a + 0*a = -h - 19. Let l be p(a). Is f(l) prime?
True
Let l be (-1)/2*13*-89*18. Let r = l - 127. Suppose -4*h - 5*z + r = 0, z - 7785 = -3*h - 76. Is h prime?
False
Let h = -2889 - -476. Let m = 4236 + h. Is m a composite number?
False
Suppose 8*v - 7 = -23. Let o = -2 - v. Suppose -9*r + 3740 + 2317 = o. Is r a composite number?
False
Suppose 15*y - 6372 = 21768. Let i = y - 1293. Is i prime?
False
Let h be (272/(-1 + -3))/(-2). Let j(t) = -4*t + 5 - 3*t - 9 + h. Is j(-7) a prime number?
True
Suppose 71*u + 70*u - 2892276 = 129*u. Is u prime?
False
Suppose 4*s + 732789 = 5*s + 5*u, 4*s = -4*u + 2931188. Is s a prime number?
True
Suppose -3*p - 3*h + 100 = -74, 4*p = 4*h + 232. Let j = 44 - p. Is 1920/42 + (-4)/j composite?
True
Suppose -4*q + 5*d - 13 = 0, -4*d + 9 = 2*q - 17. Suppose g = q*b - 28775, -g - 2*g = 3*b - 28791. Is b composite?
True
Suppose -5*d + 109580 = 3*h, 2*d - 13827 = 4*h + 29979. Is d a prime number?
False
Let c(f) = 4*f - 17. Let h be c(4). Let m = h - -5. Suppose 3572 = m*d - 4*g, 0*g = -3*d - 3*g + 2655. Is d prime?
False
Suppose -31441 = -11*m - 377. Is (3 - 1)/(-5 - (-14136)/m) composite?
False
Let x be 4/(-7) - (-512)/112. Suppose 2*i = x*i - 876. Suppose -3203 = -7*p - i. Is p prime?
False
Let w(k) = -k**3 + 4*k**2 + 3. Let r be w(3). Suppose m - 875 = 2*x + 1440, 4*x + r = 0. Let y = -898 + m. Is y composite?
True
Let k be (-8)/1 - (14 + -27). Suppose -4*b - 10774 - 757 = -w, 0 = k*b + 15. Is w prime?
True
Suppose -2*i + 730 = 4*s - 3096, 2*i - 3801 = s. Suppose 17*b - i = 16*b. Is b prime?
False
Let x(g) = 4*g**3 + 324*g**2 + 126*g + 97. Is x(-69) a prime number?
True
Let m(h) = 1140*h**2 - 2*h - 1. Let f be m(-3). Suppose -4*n + f = 5*g, n = -4*g + 2*n + 8212. Is g a composite number?
False
Suppose 0 = 5*q + 10, -3*z + q + q = -16. Suppose z*n + 0*n - 36624 = 2*r, 3*r - 6 = 0. Is n a composite number?
False
Let u(z) = -14*z**3 - 5*z**2 + 4*z + 2. Suppose 11*t - 16*t = -580. Let f = 112 - t. Is u(f) a prime number?
False
Is (3*4/(-18))/(157/(-466761)) a composite number?
True
Let q be (4 + -3)*-4 + 5569. Suppose 0 = 21*s - 36*s + q. Is s prime?
False
Suppose p = m - 21902, 3*m + 65730 = 6*m + 3*p. Suppose 3*v - m + 3150 = 0. Is 15/(-6)*v/(-10) a composite number?
True
Suppose 10*z - 27 = 7*z. Is (-13758)/z*(-8)/((-80)/(-15)) composite?
False
Suppose -26*z = -843875 - 398639. Suppose -3*n + 5*w - 4517 = -z, 14441 = n + 4*w. Is n a composite number?
True
Let c = -290782 - -469265. Is c a composite number?
True
Let q(d) = -29*d**2 - 8 - 4*d + 82*d**2 - 6*d**2. Is q(-5) a prime number?
True
Suppose 0 = 3*p - 2*s - 2 - 6, 4*p + 5*s = 26. Suppose p*h = 75 + 69. Is 6/h + (-11657)/(-12)*2 composite?
True
Let b = 126 - 119. Suppose -b*f + 15 = -2*f. Suppose -3664 = -n - 3*y + 3112, -20322 = -f*n - 3*y. Is n prime?
False
Suppose -48*i + 159500 = 2*i. Let c be (1 - -1) + 1 + 1. Suppose i = 6*t + c*t. Is t composite?
True
Suppose a - h + 298 + 230 = 0, a - 5*h + 516 = 0. Suppose 2*c + 8 = 0, -3*x + 5*x - 1788 = 5*c. Let p = x + a. Is p a prime number?
True
Let r be 2/7 - (-1824)/133. Suppose -r*c + 7*c = -721. Is c composite?
False
Let j(y) = 14231*y**2 - 1613*y + 4837. Is j(3) a prime number?
False
Let q = 5 - 3. Let i be (-4)/12*-93 + 2. Suppose q*t - t = i. Is t a prime number?
False
Suppose -406881 = 405*l - 414*l. Is l a prime number?
False
Let k = 22482 + 14249. Is k composite?
True
Let t = -99 + 85. Let h be 0/t*(-2)/6. Suppose h*o = -16*o + 32848. Is o a composite number?
False
Suppose 10653343 = 209*z + 95*z + 1469199. Is z prime?
True
Suppose 1888 = -89*d + 93*d. Let p = 1153 - d. Is p prime?
False
Let w = 31234 - 14516. Let u = w - 6405. Is u composite?
False
Suppose 0 = k + 4, 4*t + 5 - 1 = -k. Suppose t*h - 4*h = -14876. Is h prime?
True
Suppose -4*w = -2*a + 50, -50 = w + w + 4*a. Let f = 20 + w. Suppose 5*y + 2*r + 307 = 5992, -f*y + 3*r = -5660. Is y a composite number?
True
Let h be (-12)/14*21/(-6). Suppose 2*n + 3*m - 2239 = 0, -h*n = -2*m - 2*m - 3401. Let j = n + -570. Is j composite?
False
Suppose -3*d - s - 11 + 3 = 0, d + 2*s + 11 = 0. Let w(a) = -3*a**3 - 1. Let c be w(d). Suppose k + c*k - 1429 = -4*i, k + 5*i - 469 = 0. Is k prime?
True
Suppose -4*y - 808 = 6*g - 2*g, 0 = -4*g + 3*y - 801. Suppose 0 = -0*w - 3*w - 1374. Let b = g - w. Is b a composite number?
False
Is (383106/(-4))/(165/(-110)) a composite number?
True
Let l = 202 + -200. Suppose -5*u + z = -67890, -l*u + 0*z + 27148 = -2*z. Is u composite?
True
Let j be 24/9*66/8. Let a(v) = -25 - j*v + 226*v + 13*v + 53*v. Is a(16) composite?
True
Let h(j) = -2*j**2 - 55*j - 32. Let s be h(-27). Is -13678*((-33)/6 - s) composite?
True
Suppose 7*j + 38*j = -92*j + 32964803. Is j a composite number?
True
Let c(i) = 19 - 6*i + 15*i + 31*i**2 + 6*i + 4*i. Is c(-7) a prime number?
False
Let y(p) = -50299*p + 2375. Is y(-9) prime?
False
Suppose 106 = 10*m - 134. Suppose m = 50*l - 46*l. Suppose 0 = l*d - 1794 - 648. Is d a composite number?
True
Let s = 354539 - -24080. Is s a prime number?
True
Is 14362 + 5/((-5)/3) composite?
True
Let f(h) = 0 + 1 + 874*h - 916*h - 1695*h. Let w be f(1). Let d = -1213 - w. Is d a prime number?
True
Let q be 1 - 2 - ((-12)/(-1))/(-6). Is q + -2 + 1456 + (2 - -2) prime?
True
Suppose -4*w = 290 - 298. Suppose -w*g = 7*g - 2439. Is g prime?
True
Suppose 7462*u - 7463*u = 2*q - 91436, 0 = -2*q + u + 91440. Is q prime?
False
Is ((-40)/260 + (-22)/26)*-81343 prime?
True
Suppose -g - 5*v - 618320 = -6*g, -3*v + 247323 = 2*g. Suppose -5*n + h = -g, 4*n + 4*h - 90988 - 7952 = 0. Is n a prime number?
True
Let a be -12*(-35)/10*2072/12. Let h = 12239 - a. Is h composite?
False
Let z(c) = 7*c**3 + 43*c**2 - 183*c + 98. Is z(31) a composite number?
True
Let s(n) = -85757*n - 120. Is s(-1) composite?
True
Suppose m - 31*u + 34*u - 3551 = 0, 3*m = 5*u + 10597. Let c = 18432 + m. Is c prime?
False
Suppose -17*b + 71775 = 12*b. Let f = b - -1316. Is f a prime number?
False
Let b = 37 - 28. Let o(w) = -3*w + 11*w**2 + 0 - b - 9*w**2. Is o(8) prime?
False
Is 76/760 - ((-3025458)/(-20))/(-1) composite?
False
Suppose -3*k - 7423254 + 19643499 = 42*k. Is k a composite number?
True
Let r = -35342 - -82383. Is r a composite number?
False
Is 952709001/361 + 12/(-114) composite?
False
Let n = -11506 + 17007. Is n composite?
False
Let i(y) = -106*y - 17. Suppose 3*m = 16*m + 338. Let a = 22 + m. Is i(a) a prime number?
False
Let k(v) be the first derivative of -v**4/4 - 2*v**3/3 - v**2/2 + 3646*v - 8. Let s be k(0). Let t = s + -1545. Is t composite?
True
Suppose 2*v + 94706 = 4*i, v - 19679 = -i + 4002. Is i a prime number?
False
Suppose 11830*d - 11853*d = -11652467. Is d composite?
False
Suppose -2406305 - 4019712 = -17*y. Is y a prime number?
False
Let n = -34 + 54. Suppose 2*m = 6*m - n. Suppose c - m*a = 85, -5*c + 3*a = a - 471. Is c composite?
True
Let o(d) be the third derivative of -7*d**4/12 + 61*d**3/6 + 123*d**2. Is o(-9) a composite number?
True
Let k(z) = -102602*z**3 + 6*z**2 - 14*z - 17. Is k(-1) a prime number?
False
Let a(d) = 1379*d - 30. Let p be a(4). Suppose 0 = -2*o + 2